)/(-21))/(o/33) a prime number?
False
Let w(a) = 6*a**3 + 6*a**2 + 48*a - 403. Is w(10) composite?
True
Suppose 2*p = t + 2*t - 14, 4*p = t - 18. Suppose 0 = 5*s + 3*q - 3739, t*q = -9 + 5. Let b = s - 82. Is b a prime number?
False
Let q be (0 + 1 + 1266)/1. Suppose 381 = a + c + 129, 2*c = 5*a - q. Is a a prime number?
False
Let b(r) be the third derivative of -30*r**4 + r**3/2 + 31*r**2. Let c be b(2). Let m = 3060 + c. Is m a composite number?
True
Let c(w) = 14*w**2 - 18*w + 86. Let f(o) = o**2 - 5*o + 17. Let b be f(7). Is c(b) prime?
False
Let m(k) = -62*k + 32*k + 11 + 0*k**3 + 31*k + 10*k**2 - 3*k**3. Is m(-8) a prime number?
True
Let g(n) = 152845*n**2 - 158*n + 15. Is g(-2) a composite number?
True
Suppose -2*t + 0*v = -3*v - 5, 0 = -v + 3. Suppose t*w = 3161 + 290. Is w composite?
True
Let k = 96 + -93. Suppose -4*s + 4475 = 5*n, k*n + 3*s = n + 1783. Is n prime?
False
Suppose 0 = 5*f + 2*u - 33027, 19805 = 3*f + 2*u + 2*u. Is f composite?
False
Suppose 27*i - 19*i = 40. Suppose -4*v = k - 6433, i*k - 4*v = -6*v + 32237. Is k a composite number?
False
Suppose 0 = -2*x - 3*x + 2*n + 10715, -7*x + 14995 = -4*n. Let v = x + 2924. Is v a composite number?
True
Let i = -37 - -41. Suppose -i*v + 2 = -2, 1054 = 5*z - v. Is z composite?
False
Let x(z) = z**3 - 5*z**2 + z. Let m be x(6). Suppose -s + 47 = 5*g - m, 4*g - 436 = -4*s. Is 44593/s + (-2)/12 a prime number?
False
Let n(k) = -k**3 + 12*k**2 + 2*k - 10. Let x be n(12). Let p be (x/(-7))/((-2)/885). Suppose -20*g + 15*g + p = 0. Is g a composite number?
True
Let x be -6*-4*(-5)/40 + 8. Suppose 2*m = -5*m + 5*m. Suppose -3*w + 2 = 5, 4*d - x*w - 6633 = m. Is d prime?
True
Let r be (-7012)/5*(19/(-2) - -7). Let b = 6400 - r. Is b composite?
True
Suppose -18 = 21*c - 22*c. Suppose 20820 = -6*o + c*o. Is o a prime number?
False
Let u be ((-9)/6)/((-15)/110). Suppose -12*m + u*m + 5261 = 0. Is m composite?
False
Suppose o = 2*n + 13 + 3, 4*o - 3*n = 64. Let k(v) be the third derivative of v**5/15 - v**4/8 - 65*v**3/6 + 11*v**2. Is k(o) composite?
False
Let r(x) = 838*x + 3 + 9 + 19 + 0. Is r(7) a prime number?
True
Let d(w) = 130470*w - 11. Is d(1) composite?
True
Suppose 0 = -4*k - 4*c + 5676, 3*k - 1780 = 2*c + 2452. Suppose -1027 + 140 = -a. Let i = k - a. Is i prime?
False
Let c(s) = 1. Let j(h) = 160*h + 8. Let f(y) = 12*c(y) - 2*j(y). Let r be f(-4). Let x = r - 387. Is x prime?
False
Suppose -17*g = -4478 - 1676. Let n = 393 - g. Is n composite?
False
Suppose 4*q - 2*q - 16 = -3*c, c = -5*q + 40. Let d be q*((-21)/(-12) - 0). Is d/(-3)*((-2043)/6)/1 a composite number?
True
Is ((-497795)/(-4))/((-30)/(-24)) a prime number?
True
Let b be ((-4)/(-6))/(12/288). Let t = b + -15. Is 1 + 24 + (1 + t - 2) prime?
False
Let v be (-4 - (-138)/36)*0. Let t = -418 + 1307. Suppose -7*y + v*y = -t. Is y composite?
False
Suppose -o - 7071 = -4*n, 1393*n - 1398*n + 8840 = -o. Is n prime?
False
Let b(z) = -1187*z - 31. Suppose 11*h + 31 = -35. Is b(h) prime?
False
Let a = -631 - -628. Is (-740840)/(-56) - 2*a/(-21) composite?
False
Let u be ((-20)/15)/4*-9. Suppose v - 575 = -u*a, 6*v - v = -3*a + 559. Suppose -66 = h - a. Is h composite?
False
Let z = -269969 - -496478. Is z a composite number?
True
Suppose 4*z = n - 71057, 4*z + 145872 = 5*n - 209461. Is n a prime number?
True
Let z = 51651 - 16912. Is z a composite number?
False
Is (282120/50 - -13)*5 composite?
False
Let d = -65675 + 100470. Is d a prime number?
False
Is 5980 + (-32)/464 + 615/87 a prime number?
True
Let r be -2 - (9389/3 + 4/(-6)). Let f = -2224 - r. Is f a composite number?
False
Is 30975/210*(-3282)/(-15) a composite number?
True
Suppose 6*a + 5*a = -143. Is a/65 + 12176/5 a prime number?
False
Let b be (-14242)/10 + (-34)/(-170). Let v = b + 2293. Is v a composite number?
True
Suppose 9*a = -55 + 10. Let z be -2 - 4*a/10. Suppose 310 = 4*l + 2*i, z*i - 156 = -2*l - 2*i. Is l prime?
False
Suppose 5*w = d - 13, -2*w + 3*w + 2 = 0. Let k(f) = 194*f + 141*f + 231*f - d - 2. Is k(3) a composite number?
False
Let c(h) = h**3 - 12*h**2 + 11*h - 35. Let l be c(15). Let s = l - 482. Is s prime?
False
Let n(g) be the third derivative of -g**6/120 - g**4/4 + 5*g**3 + 2*g**2 + 10. Is n(-5) a prime number?
False
Let m(k) = -k**3 + 75*k**2 - 132*k - 29. Is m(35) composite?
False
Suppose 2*s - 3*z = -2*s + 238136, z = 5*s - 297681. Is s a prime number?
False
Let r(j) = -4*j + 17. Let v be r(-13). Let p = 70 - v. Is 2373/p*(-2)/(-6) composite?
True
Let h = 7 + -9. Let p be (-2*3/(-2))/((-3)/h). Suppose -2*f + 2322 = 4*d, -2*f - p*f = -3*d - 4622. Is f a prime number?
False
Suppose 21100 = 26*d - 21*d. Let f = d - -9543. Is f prime?
True
Let g(c) = 156*c**2 - 2*c + 46577. Is g(0) a composite number?
True
Let s(o) = 5*o**3 + 13*o**2 - 7*o + 9. Let w(x) = x**3 + x**2 + 1. Let u(l) = -s(l) + 6*w(l). Let k be u(6). Is 421/3 + 3 - 1/k composite?
True
Let a be -1*(-2)/4*-2. Let h be 19/(-7) + (-480)/(-280). Is a/2*6 + h + 2837 prime?
True
Let q = 32 - 23. Suppose -j + 3*h = -q, -37 = -4*j + j - h. Suppose 3*v - j*v = -7893. Is v a composite number?
False
Suppose -48*l - 827590 = -2636201 - 9059885. Is l a composite number?
False
Suppose -5*i + 193099 = -8*d + 10*d, 2*i + 4*d - 77230 = 0. Is i prime?
False
Let d = 67190 + 39137. Is d composite?
True
Is (2/(-4))/(-16 + (-50877783)/(-3179862)) a prime number?
False
Let q be 154 + (-2)/6*192/16. Suppose 153*w - q*w - 1689 = 0. Is w composite?
False
Suppose -5*z - 2 = -6*z. Let b be 805/91 + z/13. Suppose 0 = -3*w + b*w - 402. Is w a prime number?
True
Let n = 155843 - 103594. Is n a prime number?
True
Is (6/(-4) - 0)*(-3824576)/672 a prime number?
True
Let c = 53 - 19. Let h be ((-3152)/20)/(c/(-10) + 3). Let n = 749 - h. Is n composite?
True
Suppose -7 = -12*v + 29. Let w(h) = -70*h + 9. Let q(r) = -1. Let u(f) = -4*q(f) - w(f). Is u(v) a composite number?
True
Let r(g) = -8*g**3 + g**2 - 3*g - 34. Let s be r(-6). Suppose -f = -6105 - s. Is f composite?
False
Let i(z) = -8098*z - 1827. Is i(-26) prime?
True
Let q(k) = -4*k + 26. Let l be q(6). Suppose -y - 5 = 0, l*y + 2*y = 5*j. Is (-331)/((-1 - j) + -4) a composite number?
False
Suppose -6*m + 4*m = 5*n - 8, 5*m + 4*n = 20. Let t = 158354 + -42121. Is t/143 - m/(-22) a prime number?
False
Is -13 - (-107834 + -9) - 3 a composite number?
False
Let h be 9*3/(-9) + 0. Let p(k) be the first derivative of 70*k**3/3 + k - 3. Is p(h) prime?
True
Suppose -4*p - 20 = -0*p, 3*m = -3*p. Suppose -416 = -3*c + c + m*v, c - v - 205 = 0. Is c composite?
True
Suppose 56*k - 27*k - 349538 = 27*k. Is k prime?
False
Let h be 2/(-4) - (-902)/44. Let k(i) = 92 + h*i - 31 - 75*i. Is k(-6) a composite number?
True
Is 417071/4 + -21 + (-891)/(-44) a prime number?
False
Let c(u) = u**3 + 3*u**2 - 12*u - 18. Let w be c(-7). Let t = w + 829. Is t a prime number?
False
Let n(l) = -205*l**3 - 3*l**2 - 3*l - 3. Let a be n(-3). Suppose -8*t + a = -2*t. Is t a prime number?
True
Let k(p) = -p**3 - 18*p**2 - 16*p + 35. Let l be k(-17). Let z be l/(-8) - ((-30)/24 - -2). Let w(y) = -628*y - 1. Is w(z) a composite number?
True
Let u(l) = -40460*l**3 + l**2 + 6*l + 4. Is u(-1) a composite number?
False
Let a(v) = -5*v**3 - 3*v**2 - 5*v + 37. Let f(y) = -y**3 + y**2 - y - 1. Let d(z) = -a(z) + 3*f(z). Let s be d(-12). Let t = 6081 - s. Is t composite?
False
Let l = -56 - -56. Suppose -1 = 2*k + 5*g - l, 5*g - 5 = -5*k. Suppose f - 10 = 3*x - 8*x, -k*f = 5*x - 45. Is f a composite number?
True
Let h = 482491 - 249320. Is h composite?
True
Let h(d) = 5*d + 29. Let q be h(-6). Let g be (0 - (3 - 4))*q. Is -590*(1 - ((-15)/(-6) + g)) prime?
False
Suppose -758*z + 748*z = -5668730. Is z prime?
False
Let c(k) = k**3 - k**2 - 12*k + 15. Let b be c(17). Suppose -b + 1522 = -x. Is x prime?
False
Is 1515294/18*7 + -8 a prime number?
True
Let w(o) be the first derivative of 13/3*o**3 - 15/2*o**2 - 1/4*o**4 - 13 - 4*o. Is w(7) prime?
False
Let j(x) = 8*x**3 - 7*x**2 + 8*x - 7. Let k be j(6). Let y = 8766 - k. Is y prime?
False
Let c = 6321 + 21. Suppose -9*n + 3 = -8*n. Suppose -c = -3*w - n*w. Is w a prime number?
False
Is (432/(-16))/(-3) - -63314 a composite number?
True
Suppose -2*l - 41 + 31 = 2*j, 5*j - 20 = 0. Let h(g) be the first derivative of 74*g**3/3 + 5*g**2 + 7*g + 3. Is h(l) 